*t, 4*x + 837 = 3*t. What is the units digit of t?
5
Let s(i) = -i + 1. Let j(m) = -137*m - 2. Let a(w) = -2*w**2 - 9*w - 10. Let l be a(-3). Let o(x) = l*j(x) - 4*s(x). What is the units digit of o(1)?
9
Suppose -9*a + 25*a + 480 = 0. Let o = 225 + a. What is the hundreds digit of o?
1
Let a = -7310 + 14596. What is the tens digit of a?
8
Let j be 5*(12/10 - 0). Let f = 16 + j. Suppose -g + 22 = y, 5*g - 2*g + f = y. What is the units digit of y?
2
What is the ten thousands digit of (-138729)/18*(35 + 1)/(-6)?
4
Suppose 25*g = 36372 - 9972. Let o = g + -782. What is the units digit of o?
4
Suppose -63*p = -68*p + 74945. What is the units digit of p/39 + 4/6?
5
Suppose -51212 = -175*d + 1436813. What is the thousands digit of d?
8
Suppose 0 = -14*c + 22*c + 16. Let g be ((-2)/(-5 + 3))/(c/64). What is the units digit of 31/(-2)*(g/8 - 0)?
2
Let j(c) = c**3 - 34*c**2 + 48*c - 2209. What is the units digit of j(35)?
6
Suppose 0 = 4*c - 6 - 2. Suppose 3*a + 55 = -c*q - 2*a, 0 = 5*q + 3*a + 185. What is the tens digit of (4 + -2)*1 - q?
4
Let l(g) = g**3 + g**2 - 2*g + 221. Let d be l(0). Let p = d + -73. What is the hundreds digit of p?
1
Suppose 12805619 = 624*j - 214*j + 512999. What is the hundreds digit of j?
9
What is the thousands digit of (-16 - -9)*(-2)/21 - (-67694)/33?
2
Suppose -23*i + 784785 = 49512 + 89916. What is the ten thousands digit of i?
2
Suppose 3*r = -0*r + 138. Suppose -2*y + 188 = 5*s, r - 230 = -2*y - 4*s. Suppose j - 2*j + 82 = -3*c, -j + c = -y. What is the tens digit of j?
8
Let a(g) = 8*g - 24. Let t be a(4). Let k(r) = 4*r**2 + 5*r + 5. Let u be k(-4). Suppose u = l - t. What is the tens digit of l?
5
Let u(t) be the third derivative of -t**6/120 + 7*t**5/60 - t**4/4 + t**3 - 91*t**2. What is the tens digit of u(4)?
3
Let s be (-4)/2*(2 - (-45)/(-10)). Suppose 0 = s*h + w + 935, 4*h + 915 = -w + 168. Let i = 412 + h. What is the hundreds digit of i?
2
What is the hundreds digit of (0 + (-1501)/(-2))*(2 - -12)?
5
Suppose -6*k = -k - 10. Let d be 7/(28/18) + k/(-4). Suppose -365 = -2*c - 5*p, -d*p = 9*c - 7*c - 370. What is the tens digit of c?
9
Let m = 42408 - 22697. What is the tens digit of m?
1
Let v(w) = -10*w + 54. Let t be v(3). Suppose 8313 = -7*z + t*z. What is the tens digit of z?
8
What is the units digit of (38982/(-24))/((-42)/168)?
7
Let m(t) = -87*t**2 + 18 + 161*t**2 - t**3 + 3*t - 84*t**2. What is the units digit of m(-12)?
0
Let b(u) = -949*u + 110. Let y be b(-3). Let t = -1471 + y. What is the units digit of t?
6
Let q(o) = -519*o**3 + 7*o**2 - 2. Let a(m) = -520*m**3 + 6*m**2 - m - 1. Let z(l) = -7*a(l) + 6*q(l). What is the units digit of z(1)?
8
Let v(x) = -x**3 + 93*x**2 + 135*x - 753. What is the hundreds digit of v(94)?
1
Let l = -177 - -173. What is the hundreds digit of (-5146)/(-6) + l/(-12)?
8
Let o be (-1)/1 - 23982/(-42). Suppose -14*p + g = -12*p - 1167, p - o = -4*g. What is the tens digit of p?
8
Let g(t) = 72*t - 42. Let a be g(-7). Let s = 1183 + a. What is the hundreds digit of s?
6
Suppose -140 = 4*n + g, 27 + 8 = -n + g. What is the units digit of (2296/n - -8)*-5?
8
Suppose -4*f - 24 - 6 = -3*n, -4*n = -4*f - 36. What is the units digit of 3/(n/2) - -2?
3
Suppose -2*a - 4 = 4. Let s = a + 15. Let w(h) = 9*h + 40. What is the hundreds digit of w(s)?
1
Let t(c) = c**3 + 43*c**2 - 92*c + 358. What is the tens digit of t(-44)?
7
Let d(l) = 2*l**3 - 28*l**2 + 5*l + 5. Let u be d(14). Let m = u - 75. Suppose 4*b + 5*c - 317 = m, -2*c = 4*b - 477 + 151. What is the tens digit of b?
8
Let g be -101 - (4 + (-15)/(-5) - 3). Let q = g - -360. What is the tens digit of q?
5
Let a = -96 - -3380. What is the hundreds digit of a?
2
Let r = -5309 + 6980. What is the hundreds digit of r?
6
Let k = 163 - 92. Suppose 6*f - k = 7. What is the units digit of f?
3
Suppose 5*o = -5*b + 4200, -b = -4*o + 4030 - 670. Let n = o - 520. Suppose f - n = -3*f. What is the units digit of f?
0
Let j = 47 - 38. Let b(m) = 4*m + 43. What is the units digit of b(j)?
9
Let l = -1334 + 864. Suppose -36*t - 22346 = 3610. Let y = l - t. What is the hundreds digit of y?
2
Suppose 3*a - 30 = 2*a. Let i = 15 - a. What is the units digit of (20/i)/((-3)/171)?
6
Suppose -11765 = -21*o + 30760. What is the thousands digit of o?
2
Suppose -w - 13022 = -n, -61*w = -3*n - 63*w + 39076. What is the ten thousands digit of n?
1
Let z = 8421 - 5599. What is the units digit of z?
2
Suppose -15 = -6*h + h. Let z(g) = g**2 - 20*g - 31. Let c(r) = -2*r**2 + 21*r + 32. Let w(v) = h*z(v) + 2*c(v). What is the units digit of w(-13)?
6
Suppose -4*p + 44 = 36. Suppose -p*w - j = -6*j - 8, -w = 4*j - 4. What is the tens digit of 355/2 + (-2)/w?
7
Suppose -21*z - 5*z = -78. Suppose 7*u - z*u - 6544 = 0. What is the hundreds digit of u?
6
Let q = -8 + -79. Let x = 2292 - 2290. What is the tens digit of 1 - x - (q + 1)?
8
Suppose 1487*k = 1493*k - 7698. What is the thousands digit of k?
1
What is the hundreds digit of 4065420/192 - (-8)/(-128)?
1
Let t(s) = 25*s**2 + 1454*s + 87. What is the hundreds digit of t(-66)?
0
Suppose -4*a + 4*i = -41 - 7, 0 = 4*a + 2*i - 66. Suppose -z + 18 + 89 = 0. Let r = z - a. What is the tens digit of r?
9
Let i(g) = -245*g + 4. Let n be i(-3). Suppose 4*t = -3*y - 20 + 67, 4*t = 4*y - 44. Suppose -y*v = -n + 219. What is the tens digit of v?
4
Let z(p) = 49*p + 9. Let r(y) be the second derivative of 25*y**3/3 + 4*y**2 + 8*y. Let b(v) = 4*r(v) - 3*z(v). What is the units digit of b(2)?
1
Suppose 3*l - 5 - 7 = 0. Suppose -225 = -101*r + 56*r. Suppose r*m - 4 = l*m. What is the units digit of m?
4
Suppose -4*a + 10 = 2. Suppose -a*y = -5*s - 7*y + 15, 5*y = -2*s. Suppose -s*z + 23 = -32. What is the units digit of z?
1
Let l = -474 - -478. Suppose -f + 1006 = 5*m, -2*f - f - l*m + 2974 = 0. What is the hundreds digit of f?
9
Let h be (0 + -1)*(2 - -1). Let u(r) = -32*r + 12. Let c be u(h). Suppose c = a + 44. What is the units digit of a?
4
Suppose -4*y + r = -34925, -y + 8723 = 105*r - 108*r. What is the tens digit of y?
3
Let d = -22399 - -48771. What is the thousands digit of d?
6
Let r(z) = -244*z - 792. What is the thousands digit of r(-62)?
4
Let z(t) = -t**2 - 11*t - 5. Let b be z(-10). Let a be b/(4 - -1)*-83. Let f = 120 + a. What is the tens digit of f?
3
Suppose -15318 = -14*g + 1244. Let v = g - 184. What is the tens digit of v?
9
Suppose 4*q = -5*c - 3545, -12*c = 2*q - 17*c + 1765. Let d = q + 1594. What is the units digit of d?
9
Let i(k) be the first derivative of k**5/60 - k**4/24 + k**3/3 + k**2 + 18. Let v(b) be the second derivative of i(b). What is the hundreds digit of v(14)?
1
Let n(k) = -68*k + 1150. What is the thousands digit of n(-10)?
1
Let m(u) = -u**3 + 3*u - 1. Let y be m(2). Let j be (-485)/20*(-1 + y). Suppose 5*p = 5*d + j + 28, -112 = -4*p + d. What is the units digit of p?
9
Let k(t) = 5*t**2 + 12*t + 10341. What is the ten thousands digit of k(-104)?
6
Let g be 1 - (10/25 - (-6)/10). Suppose g*o - 2680 = -10*o. What is the units digit of o?
8
What is the thousands digit of (-40 + 41)/((-5)/(-184330))?
6
Let n(j) = -j**3 + 2*j**2 + 11*j - 1330. Let f be n(0). What is the tens digit of -1 + (-5 - (3 + f))?
2
Let r(a) = 1183*a**2 + 14*a + 11. What is the units digit of r(-2)?
5
Let k(g) = g + 13. Let q be k(-10). Suppose -q*i - n + 20 = 2*i, n + 25 = 4*i. What is the units digit of (-300)/(-8)*6/i?
5
Let n be (-15)/(-6)*-2 + (-1070 - 25). Let f = 1950 + n. What is the tens digit of f?
5
Let u be 11179/56 - (-4)/((-128)/(-12)). Let m = u + 190. What is the hundreds digit of m?
3
What is the thousands digit of (-11)/(-77)*2 - (-379670)/35?
0
Let q(r) = -9*r + 11. Let d(m) = m. Let f(a) = -3*d(a) - q(a). What is the units digit of f(15)?
9
Suppose o = 2*o - 3*a - 1, 0 = 4*o + a - 43. Suppose -537 = o*v - 2177. What is the hundreds digit of v?
1
Let f(n) = 2*n**3 - 15*n**2 + 19*n - 1. Let l be f(6). Suppose -l*r + 756 = -2*r. What is the units digit of r?
2
Let g(k) = 1034*k - 2593. What is the ten thousands digit of g(16)?
1
Suppose -23*h - 9438 = -49*h. What is the hundreds digit of h?
3
Let p be (3/2)/(3 - 6/4). Let y be 4/6 + ((-8020)/15)/p. What is the units digit of (-18)/63 + y/(-7)?
6
Let x be (-2)/11 - (-10700)/44. Suppose 0 = -4*r + 3*l + 16 + 3, -3 = 3*l. Suppose 